mposite?
False
Suppose 2*z + 4*w = -4, z - 4*w - 2 - 26 = 0. Let b(a) = -2 + 3 + 29*a**2 + 2*a - a - z*a**2. Is b(1) a composite number?
False
Let v(p) = -2*p + 2. Let r be v(3). Let a = 6 + r. Suppose -a*q + 1482 = 4*s, 5*q = -0*q + 2*s + 3765. Is q prime?
True
Suppose -2*u + 1087 = -3*u. Let d = -568 - u. Is d a prime number?
False
Suppose 5219 = -90*u + 91*u. Is u a composite number?
True
Is 102088/21 + (-2)/6 prime?
True
Let j(m) = 2*m**2 + 5*m + 5. Let k be j(-3). Suppose k*u - 6319 = 8073. Is u composite?
True
Suppose 0 = 11*k + 15 - 48. Suppose -4*y - y + w + 7487 = 0, -y + k*w + 1503 = 0. Is y composite?
True
Let z(o) = o**2 + 13*o - 13. Let r(q) = 24*q. Let b be r(-1). Is z(b) a composite number?
False
Let d(k) = 31*k**2 + 21*k + 11. Is d(-9) a prime number?
True
Suppose 21*s = -26*s + 5154443. Is s a prime number?
False
Let l = 12 - 21. Let t be (-10)/(-45) - 14902/l. Suppose -5*m + t = 11. Is m a composite number?
True
Suppose 0 = 2*v - 3*q - 26464, 3*v - 5*q = 35598 + 4099. Is v prime?
True
Let r = 3 + 1. Suppose 0 = r*x - 0*x - 8. Suppose 0 = 5*i - 2*z - 493, -z - x*z + 182 = 2*i. Is i a prime number?
True
Let g = 10931 - 4428. Is g a composite number?
True
Suppose 0 = 5*u + 13 + 17. Let c be (-6)/2 + u/(-2). Suppose -898 = -c*d - 2*d. Is d composite?
False
Let w(t) = -631*t + 12. Let c(r) = -r - 1. Let a(s) = -c(s) + w(s). Is a(-5) a prime number?
True
Let u(i) = -i**2 + 4*i + 7. Let c be u(5). Suppose -c*h + 5 = -h. Suppose -b = -h*b + 5*q + 3076, -2*q - 1538 = -2*b. Is b composite?
False
Is (-5)/30*3*(2 + -44688) a composite number?
False
Suppose -7*h + 904 = -6*h. Is (h/(-16))/(1/(-2)) composite?
False
Suppose -17*f + 39*f = 80014. Is f a composite number?
False
Let m = -3875 + 30774. Is m composite?
True
Suppose 4*i - 3*q - 152707 = 0, -5*i - 36*q = -39*q - 190880. Is i a composite number?
True
Suppose 309 = g - 10*a + 8*a, g = a + 304. Is g composite?
True
Suppose 0 = 2*h - 8. Suppose -7*n - l = -2*n + 131, 4*n = h*l - 124. Is 2358/n*(-6)/4 prime?
True
Suppose 0 = 3*a + 5*t - 26, -5*t + 0 = -5*a - 10. Suppose -2882 = -3*q + k, a*k = -10*q + 5*q + 4785. Is q a composite number?
True
Let b = 30137 - 2364. Is b a prime number?
True
Let n(w) = -160*w - 16. Let s(o) = 161*o + 17. Let z(i) = -6*n(i) - 5*s(i). Is z(4) composite?
False
Let y = -3547 + 9984. Is y prime?
False
Let k = 6645 + -1426. Is k composite?
True
Suppose k - 211 = 5*q - 47, -q - 168 = -k. Let o be k + 0/(-4 - -3). Suppose -3*v + j = -155 - o, -3*v + 330 = j. Is v prime?
True
Is 18884/14*(-14)/8*-2 prime?
True
Let k be -2 + ((-4)/(-2) - -255). Let y be (6 + (-15)/(-6))/(2/16). Suppose -3*u = -a - y + 311, -k = -a - 3*u. Is a a prime number?
False
Let m(u) = u**3 - 11*u**2 - 11*u + 2. Let p be m(12). Let c = 10 - p. Is -2 - -2 - (c + -73) prime?
False
Suppose 17*i - 140 = 3*i. Suppose i*p - 6276 = -2*p. Is p prime?
True
Let a = -49 + 71. Suppose 0 = -3*r - a + 4. Is 206/4 + 3/r a composite number?
True
Is 129/(-172) - (-907)/4 prime?
False
Suppose 3*t = -47 - 121. Let q = t + 255. Is q a composite number?
False
Let u = -15 - -15. Let k(t) = -4*t + 38 - t**3 + 59 + 5*t + t**2 + t. Is k(u) composite?
False
Suppose 0 = -l + 5*g - 31, -4*l - 22 = g - 3. Let b be -291*(3 + l/3). Let v = b - -454. Is v prime?
True
Let a be (-116)/10 + (-9)/(-15). Let z(g) = -2*g**3 - 7*g**2 + 8*g + 26. Is z(a) a composite number?
False
Suppose 753 = 7*x - 4*x. Is x + 7 - (-1 - -2) prime?
True
Let g be (-2872)/3*(-897)/46. Let q be g/28 - (-8)/28. Let c = -400 + q. Is c a prime number?
False
Is ((-13)/(-26))/((-2175)/(-2174) + -1) a composite number?
False
Let q(p) = 0*p**2 - p**3 - 5*p + 13*p**2 - 2*p**2 - 9. Suppose -31 = -8*h + 33. Is q(h) a prime number?
False
Let o(g) = 18*g**2 - 5*g - 1. Let y(n) = -2*n - 4. Let a be y(0). Let t be (3 + a)/(2/8). Is o(t) prime?
True
Let w(m) = m**3 + 2*m**2 + 5*m - 5. Let g be (1*-1)/(5/(-20)). Is w(g) prime?
False
Let f(j) = -7*j**3 - 10*j**2 - 42*j - 28. Is f(-25) a prime number?
True
Let r(h) = 26*h**2 + 2*h + 1. Let f(m) = m - 7. Let j be f(6). Let q be r(j). Suppose 0 = a + 3*o - q, -a - o = -4*o - 13. Is a a composite number?
False
Let g(v) be the first derivative of v**4/4 + 2*v**3/3 + 3*v**2/2 - 2*v - 21. Is g(4) composite?
True
Suppose -4*c + 8*c = 12. Suppose r - 1151 = 4*b, 5*r - 1047 = -c*b + 4823. Is r a prime number?
True
Let n(l) = l**3 + 12*l**2 - 2*l - 8. Suppose -3*t - 5*i + 3*i - 19 = 0, 0 = i - 1. Is n(t) a prime number?
True
Let b(n) = 674*n**3 - 2*n**2 + 1. Let h = 35 + -34. Is b(h) a composite number?
False
Suppose -8*d = -4*d - 72. Suppose 3*z + d = 6*z. Is z/(-9) - 934/(-6) composite?
True
Let c(w) = 49*w - 87*w - 29 - 2*w**2 + w**2. Is c(-20) a composite number?
False
Let m = 7256 + -2445. Is m a composite number?
True
Let z = -23 + 37. Let s = -10 + z. Is (15/(-12))/(s/(-304)) a prime number?
False
Suppose 10*j - 24 = -4. Is (-12620)/(-44) - j/(-11) a composite number?
True
Let p(o) = 25*o**3 + 7*o**2 + 17*o - 26. Let w(l) = -13*l**3 - 4*l**2 - 9*l + 13. Let h(t) = -3*p(t) - 5*w(t). Is h(-6) a prime number?
False
Is ((-17943)/3)/(9 - 10) composite?
False
Suppose -k + 5*l + 1 = -3*k, 4*k - 5*l = 13. Suppose k*w - 8*w + 30 = 0. Suppose -g + w = -26. Is g a prime number?
True
Let t = -367 - -692. Is (-18)/(-27) + t/3 composite?
False
Is (-1)/2*4*(-5077)/2 prime?
True
Let s(b) = -2*b. Let t be s(-13). Suppose 19*q - t*q = -5579. Is q a composite number?
False
Suppose -u = 6 - 10. Suppose 92 = d - 93. Suppose 3*h - 8 = -w - 2*h, -5*w = -u*h - d. Is w a prime number?
False
Suppose 0 = r + 3*z - 2631 - 470, 2*z + 4 = 0. Is r composite?
True
Let m = 38 - 119. Let t = 52 + m. Is 1*t*5*-1 a composite number?
True
Let i(q) = -q + 635. Let t be (-5)/15 + 1/3. Suppose 0 = b - t*b. Is i(b) prime?
False
Suppose 74 + 98 = 2*v - 4*w, -350 = -4*v + 5*w. Suppose -2*q + v = 30. Let x = q + -8. Is x prime?
False
Let g(q) = 1 + 1 + 8 - 5*q. Let x be g(-9). Suppose -2*b + b + r = -x, r = -b + 61. Is b a prime number?
False
Let m = 44 + -88. Let p = 17 + m. Let b = p + 94. Is b prime?
True
Suppose -5*s - 32 = -5*x - 117, 2*x = s - 19. Is 1*3/(s/1255) a composite number?
False
Suppose 2*g - 4*p - 1708 = 0, -5*g - 2*p = 3*p - 4345. Suppose -4916 + g = -2*h. Is h a composite number?
True
Let b = -82 + 85. Suppose -3*m + 1273 = 2*n, -b*m + 2543 = 2*n + 2*n. Is n a composite number?
True
Let z = 14 - 14. Let r(j) = 2*j**2 + 35. Is r(z) a composite number?
True
Suppose -2*i = 4*z - 16, -4*i - 5 = -4*z + 11. Suppose 4*u - 3156 = -z*r - 20, 3*u = -9. Is r a composite number?
False
Let f = -27 + 39. Is (-2)/8 + 3519/f composite?
False
Let c be (-13 - -33)/(2/1517). Let w = -24782 + c. Is w/(-20) + (-4)/(-10) a prime number?
False
Suppose 8*a + 270 = -a. Is ((-5)/(a/(-694)))/((-2)/30) prime?
False
Is ((-2)/(-23) - 0) + (-23180622)/(-2346) a prime number?
False
Let d be (7/14)/((-1)/(-372)). Suppose 2*u = -u + d. Suppose f + 3 = u. Is f a prime number?
True
Suppose 9303 = 6*c + c. Let h = -892 + c. Is h prime?
False
Let q = -8 + 6. Let j be 21/(-14)*3/((-18)/(-16)). Is ((-58)/j)/(q/(-12)) a prime number?
False
Let q(v) = -v**2 + 12*v + 18. Let n be q(13). Suppose 6972 = 5*d + 3*z, n*z - 27 + 7 = 0. Suppose -3*x + d - 157 = -2*r, 3*x - 1265 = -4*r. Is x a prime number?
False
Suppose -4*o - 2*k + 31223 = k, -3*k = -3. Suppose -o = s - 6*s. Is s prime?
False
Let a(w) = w**3 - 2*w - 2. Let n be a(-2). Let b be -2*(-1431)/n + -3. Is (-3)/9 + b/(-9) a prime number?
True
Let j = 75 + -75. Suppose -4*d + 268 = -3*f, j*d - f = 5*d - 335. Is d composite?
False
Let h = -83 + 243. Suppose -3*y + 48 = -0*x + x, -4*y + 12 = 0. Let n = x + h. Is n composite?
False
Suppose 0 = -2*n - 0*n - 10. Let w be (-4)/n*(-30)/(-12). Suppose -w*h - 3*h = -1015. Is h a prime number?
False
Suppose -39123 = -22*p - 3065. Is p a composite number?
True
Let n(c) = 2*c**3 - 4*c**2 - 10*c - 3. Let k be n(5). Let i = -51 + k. Is i composite?
True
Is 2239 + (5 - 2*(-6)/12) a composite number?
True
Let j(s) = -28*s - 1. Suppose 3*a - 3*q + 15 = 0, -a + 1 - 3 = -2*q. Is j(a) a composite number?
False
Suppose -6*b + 8*b = 264. Let i = 175 + b. Is i composite?
False
Let o = -7070 - -14017. Is o composite?
False
Suppose 0 = -21*t + 7*t. Suppose t = -2*d - 68 + 1414. Is d a prime number?
True
S